ghest common factor of 72 and i?
18
Let r = 42 - 10. Let q(u) = -u**2 + 7*u. Let d be q(6). Let f be (-3)/18*-4*d. Calculate the highest common divisor of f and r.
4
Suppose 0*l - 4*l = -20. Suppose -l*a = -a. Suppose a = z - 11 - 9. What is the greatest common divisor of z and 10?
10
Suppose -2590 - 1298 = -48*h. What is the greatest common factor of h and 54?
27
Let z be (11 - 33)/(-2) - (-13 - -3). Suppose 8 + 62 = 5*q. What is the highest common factor of q and z?
7
Suppose 14*j - 18*j = 0. Suppose j*i + i = 25. Suppose -54 = -5*k - 4. Calculate the highest common factor of i and k.
5
Let y be 36*(6/8)/((-117)/(-104)). Calculate the highest common divisor of 600 and y.
24
Let j be 885/118*(-14)/(-5). What is the highest common factor of j and 371?
7
Let b(f) = f**3 + 8*f**2 - 5*f - 20. Let p be b(-8). Suppose 0 = 3*h - 9, 2*h + 54 = 2*t + 3*t. What is the greatest common factor of p and t?
4
Suppose -f + 10 = -1. Let g = 274 - 263. Calculate the greatest common divisor of g and f.
11
Let g(u) = -3*u + 226. Let v be g(62). Let a = 88 + -48. Calculate the greatest common factor of a and v.
40
Let p = 57 + -30. Let k = p - 3. Calculate the greatest common divisor of k and 60.
12
Suppose 4748 = 2*v + 2*g, -2*v + 53*g = 51*g - 4756. What is the highest common factor of 22 and v?
22
Let d be (-3)/2*(-96)/36. Suppose 4*b - b - z = 136, 3*b - d*z = 148. What is the greatest common divisor of 66 and b?
22
Let z be 128 + 9 + 12/(-6). Suppose 0 = -5*r + 47 + 28. Calculate the highest common factor of r and z.
15
Suppose -1 = -9*n + 10*n, n - 359 = 4*y. Suppose 4*h + 5 = 3*c, 0*h - h - 14 = -5*c. Let i be c + 0 + y/(-6). What is the greatest common factor of 9 and i?
9
Let d(c) = -16*c - 13. Let p be d(-1). What is the greatest common factor of 11 and p?
1
Let x(z) = z**3 + 12*z**2 + 4*z - 8. Let v be x(-11). Suppose -31 - v = -10*d. Calculate the highest common divisor of 10 and d.
10
Let h(a) = -21*a + 147. Let f be h(4). Calculate the greatest common divisor of f and 234.
9
Suppose 504 = -24*m + 31*m. What is the greatest common divisor of m and 96?
24
Suppose 7 - 93 = -2*m - 4*h, -4*m + 5*h = -159. Let o = m - 23. Let r = -57 + 129. Calculate the greatest common factor of o and r.
18
Let o = 640 - 623. What is the greatest common divisor of 6 and o?
1
Suppose 0 = 6*z - 254 + 50. Let x be 3/(-9) + z/3. What is the highest common factor of x and 55?
11
Let g = -839 + 947. Calculate the highest common factor of g and 24.
12
Let w = -4 + 137. Suppose -4*m - 336 = h, 5*m + 369 = -h - 52. Let o = w + m. Calculate the greatest common divisor of 12 and o.
12
Let x(d) = d**3 - 9*d**2 + 2*d - 12. Let l be x(9). What is the highest common divisor of l and 48?
6
Let z = -1 + 5. Let m(k) = -k**3 + 6*k**2 + k + 6. Suppose -n + 2*w = 5, -w + 20 = n + 2*n. Let s be m(n). Calculate the highest common factor of z and s.
4
Let c be 88 - 2 - 2/2. Let d(q) = 2*q**3 + 12*q**2 + 12*q + 1. Let f be d(-4). Calculate the greatest common factor of c and f.
17
Let p = -822 - -833. What is the greatest common factor of 99 and p?
11
Let n = -1376 + 1476. Calculate the highest common factor of 1600 and n.
100
Let g be (10/(180/114))/(3/27). Let d = -854 + 1367. What is the greatest common divisor of g and d?
57
Suppose -62*w + 44266 = -1924. Calculate the greatest common divisor of 5 and w.
5
Let s be (-4)/(-6) + 6 + 1372/21. Calculate the greatest common factor of 18 and s.
18
Let u = -200 + 225. Calculate the highest common divisor of 125 and u.
25
Let n(q) = q**2 + 2. Suppose 26 = 4*o + 3*z, -6*o - 3*z + 34 = -o. Suppose -8*i + o = -4*i. Let s be n(i). Calculate the greatest common factor of 6 and s.
6
Suppose 6*j - 3*j + 5*c = -41, -4*c - 60 = 4*j. Let p = 28 + j. Calculate the greatest common factor of p and 77.
11
Let n = 231 - 211. Calculate the highest common divisor of n and 220.
20
Let y be 1054/(-48)*-22 + (-404)/4848. Calculate the highest common factor of y and 115.
23
Suppose -1 - 79 = -p. Let o(u) = -u**3 + 11*u**2 - 11*u + 4. Let t be o(10). Let q = 38 + t. Calculate the highest common factor of q and p.
16
Suppose 0 = 7*u - 193 + 25. Suppose q + h + 41 = 5*q, 4*h = -4. Suppose -4*v + 2 = 2*a, 5*v = -5*a + q - 0. Calculate the greatest common divisor of a and u.
3
Suppose 5*d = -5*a + 196 + 74, -2*d = -5*a + 235. Calculate the greatest common factor of a and 28.
7
Suppose -2*v + k - 187 = 0, -2*v = -0*v - 2*k + 186. Suppose -2*z = -z + 54. Let f = z - v. What is the greatest common divisor of f and 8?
8
Let n(m) = -m**3 - 2*m**2 - 5*m - 5. Let g be n(-2). Calculate the highest common factor of 5 and g.
5
Suppose 848 = 4*q - 52. What is the highest common factor of q and 9?
9
Let h = 0 + 2. Let t be ((-4)/(-6))/(3/9). Suppose -q = -h*q + t. Calculate the highest common factor of q and 18.
2
Let z(a) = 10*a**2 - 5*a - 20. Let d be z(-4). What is the greatest common factor of d and 30?
10
Let x be 16/(-24)*6/4. Let l(u) = 14*u**2 - u. Let z be l(x). Calculate the highest common factor of z and 12.
3
Let w(a) = 19*a - 2. Let t be w(3). Let y be 36 + 1 - (21 - 15). Let b = t - y. Calculate the highest common divisor of 12 and b.
12
Let l(n) = -18*n**2 - 383*n - 22. Let m be l(-21). What is the greatest common factor of m and 1?
1
Suppose n = 4*o + 6*n - 102, -3*n - 63 = -3*o. What is the highest common factor of o and 299?
23
Let z(t) = 69*t**2 + 20*t - 20. Let m be z(1). What is the highest common factor of m and 9?
3
Let h(k) = -k + 5. Suppose 156 = -5*t - 4*l, -3*l + 51 = -4*t - 80. Let q be t/(-12)*6/(-4). Let z be h(q). Calculate the highest common factor of 72 and z.
9
Let x = -509 - -525. What is the highest common divisor of 80 and x?
16
Suppose 5*h = h + 8, 4*q = 2*h - 148. Let w = q + 45. Calculate the greatest common divisor of w and 18.
9
Suppose -32*d + 1576 = -39896. What is the highest common factor of d and 36?
36
Let b(f) = -3*f**3 + f**2 + f + 3. Let s be b(-2). Let p = -22 - -5. Let x = p + s. Calculate the greatest common divisor of x and 8.
4
Let k = 538 + -491. What is the highest common divisor of 1 and k?
1
Let a be (-8 - -8) + (-6)/(-2). Let c = a + 5. Calculate the highest common divisor of c and 20.
4
Let o be (-3 - 3)*25/(-15). Suppose -72 = -3*w + w + 2*h, -h = -3*w + 106. Calculate the highest common factor of w and o.
5
Let h = 256 - 207. What is the greatest common divisor of h and 21?
7
Let t be -42 + 37 - (423/(-7) - (-33)/77). Suppose -4*f = -4*w + 3*w - 26, 4*w = f - 29. Let h = 11 + w. What is the highest common factor of t and h?
5
Suppose 0 = -2*n + 982 - 958. Calculate the highest common divisor of n and 138.
6
Let f = 330 - 285. Calculate the greatest common factor of 60 and f.
15
Let y(j) = -2*j + 3. Let h be y(4). Let t(r) = r**2 + 2*r - 2. Let u be t(h). Let b = 60 - 21. What is the highest common divisor of u and b?
13
Let w = 2 + 13. Let r(l) = -l**2 - 7*l - 6. Let a be r(-3). Let x = 51 - a. What is the greatest common factor of x and w?
15
Let s be ((-40)/14)/(68/7 + -10). Calculate the greatest common divisor of 80 and s.
10
Let s(k) = k**3 - 5*k**2 + 3*k - 10. Let o be s(5). Suppose -g = 4*v - 32, 4*v + o*g - 14 = 34. What is the highest common divisor of 21 and v?
7
Suppose 0 = -3*z - 4*k + 24, 10*k - 7 = 2*z + 5*k. Calculate the greatest common divisor of 20 and z.
4
Let x(f) = f**2 - 3*f - 1. Let k be x(-2). Let c(h) = h**2 + 4*h - 5. Suppose 46 = -5*v - 9. Let s be c(v). What is the highest common factor of s and k?
9
Let a(w) = 2*w**2 + 2*w - 1. Let d be a(-3). Let k(i) = -i**2 + 15*i - 4. Let c be k(d). What is the greatest common divisor of 60 and c?
20
Let o = 334 + -181. Suppose 5*r = 4*i - o, 0*i - 133 = -4*i + r. Let b(u) = 9*u + 8. Let n be b(8). What is the highest common divisor of n and i?
16
Let h be -6*(12/8 + -1). Let y be (-2 - -13) + -2 + h. Suppose y*o - 17 = 43. Calculate the greatest common divisor of 5 and o.
5
Let i(d) = -36*d - 9. Let a be i(-5). Let n be 6 + (9 - 7) + 1. What is the greatest common divisor of n and a?
9
Suppose 47*t - 1396 - 1471 = 0. What is the highest common factor of t and 366?
61
Let t(g) = -4*g + 6 + 5*g + g**2 + 2*g. Let m be t(-4). Calculate the highest common divisor of 30 and m.
10
Suppose -7*v - 20 = -5*v. Let d = v - -28. What is the greatest common divisor 